{"id":75,"date":"2016-02-18T11:18:58","date_gmt":"2016-02-18T10:18:58","guid":{"rendered":"http:\/\/forma-prim.be\/?page_id=75"},"modified":"2016-10-15T23:31:33","modified_gmt":"2016-10-15T22:31:33","slug":"onze-favorieten","status":"publish","type":"page","link":"https:\/\/forma-prim.be\/index.php\/bronnen\/onze-favorieten\/","title":{"rendered":"Onze favorieten"},"content":{"rendered":"<ul>\n<li><strong>R\u00e9flexions<\/strong><\/li>\n<\/ul>\n<p>Une pr\u00e9sentation sur la diff\u00e9rence entre mime, geste et signe et l&#8217;utilisation du geste p\u00e9dagogique en classe de FLE.<\/p>\n<p><a href=\"http:\/\/forma-prim.be\/wp-content\/uploads\/2016\/02\/FLE_signes.ppsx\">fle_signes<\/a><\/p>\n","protected":false},"excerpt":{"rendered":"<p>R\u00e9flexions Une pr\u00e9sentation sur la diff\u00e9rence entre mime, geste et signe et l&#8217;utilisation du geste p\u00e9dagogique en classe de FLE. fle_signes<\/p>\n","protected":false},"author":1,"featured_media":0,"parent":71,"menu_order":0,"comment_status":"closed","ping_status":"closed","template":"","meta":[],"_links":{"self":[{"href":"https:\/\/forma-prim.be\/index.php\/wp-json\/wp\/v2\/pages\/75"}],"collection":[{"href":"https:\/\/forma-prim.be\/index.php\/wp-json\/wp\/v2\/pages"}],"about":[{"href":"https:\/\/forma-prim.be\/index.php\/wp-json\/wp\/v2\/types\/page"}],"author":[{"embeddable":true,"href":"https:\/\/forma-prim.be\/index.php\/wp-json\/wp\/v2\/users\/1"}],"replies":[{"embeddable":true,"href":"https:\/\/forma-prim.be\/index.php\/wp-json\/wp\/v2\/comments?post=75"}],"version-history":[{"count":4,"href":"https:\/\/forma-prim.be\/index.php\/wp-json\/wp\/v2\/pages\/75\/revisions"}],"predecessor-version":[{"id":291,"href":"https:\/\/forma-prim.be\/index.php\/wp-json\/wp\/v2\/pages\/75\/revisions\/291"}],"up":[{"embeddable":true,"href":"https:\/\/forma-prim.be\/index.php\/wp-json\/wp\/v2\/pages\/71"}],"wp:attachment":[{"href":"https:\/\/forma-prim.be\/index.php\/wp-json\/wp\/v2\/media?parent=75"}],"curies":[{"name":"wp","href":"https:\/\/api.w.org\/{rel}","templated":true}]}}